ase 14.
-c53
Convert -4033234 (base 5) to base 2.
-1111110100110011
What is -5596 (base 11) in base 2?
-1110011000101
858 (base 14) to base 13
998
Convert 57130 (base 8) to base 13.
acbb
What is -3225 (base 9) in base 3?
-10020212
What is -10860 (base 9) in base 6?
-53343
What is -105562 (base 7) in base 5?
-1100221
What is -1096 (base 14) in base 8?
-5474
Convert 2111011111 (base 3) to base 5.
3031324
What is -11683 (base 9) in base 3?
-101202210
102210 (base 3) to base 4
10332
What is -1088 (base 9) in base 2?
-1100101001
What is 530352 (base 6) in base 11?
2a268
Convert 31035 (base 9) to base 16.
4fdc
What is -9086 (base 12) in base 9?
-23423
Convert 202345 (base 7) to base 4.
20122300
Convert -4b3 (base 12) to base 2.
-1011000111
What is 353444 (base 6) in base 16?
77a4
Convert -2232 (base 5) to base 6.
-1245
What is -450255 (base 6) in base 5?
-2201231
15102 (base 6) to base 15
aae
-2205 (base 10) to base 7
-6300
Convert 224 (base 6) to base 4.
1120
What is -334104 (base 6) in base 13?
-ca51
10010111100110 (base 2) to base 15
2d1c
100110011 (base 2) to base 8
463
-cef (base 16) to base 8
-6357
Convert 3727 (base 13) to base 5.
222212
What is -12203003 (base 4) in base 10?
-26819
Convert -133342 (base 5) to base 12.
-3200
Convert 168 (base 15) to base 16.
143
What is -4532 (base 6) in base 15?
-4ae
Convert -624 (base 16) to base 6.
-11140
What is -b80d (base 15) in base 10?
-38938
-77 (base 10) to base 7
-140
-14322 (base 5) to base 4
-102330
Convert 2611 (base 10) to base 5.
40421
What is 5064 (base 11) in base 7?
25415
What is -1221313 (base 5) in base 3?
-1012000012
184 (base 12) to base 9
301
What is -2a2 (base 11) in base 8?
-542
1403 (base 9) to base 15
4a6
3236 (base 12) to base 5
134024
Convert -1543 (base 10) to base 2.
-11000000111
What is 1100010 (base 2) in base 14?
70
Convert -32661 (base 10) to base 4.
-13332111
-26624 (base 7) to base 16
-1c04
5c5a (base 15) to base 13
8c44
c29 (base 16) to base 14
11c5
Convert 106621 (base 7) to base 15.
5a34
Convert -5aa6a (base 11) to base 5.
-10302201
10123 (base 6) to base 4
111003
What is 2a51 (base 14) in base 4?
1311133
46283 (base 9) to base 3
1120022210
-31223 (base 4) to base 6
-4015
What is 14a (base 12) in base 9?
244
What is 3202 (base 6) in base 12?
502
What is 313303 (base 4) in base 12?
2097
Convert 100202211 (base 3) to base 6.
52551
Convert 14038 (base 10) to base 13.
650b
-5148 (base 11) to base 15
-2053
288 (base 14) to base 15
242
863 (base 16) to base 13
c92
-e32 (base 16) to base 2
-111000110010
Convert a8b7 (base 14) to base 5.
1413134
-212031 (base 4) to base 3
-10100120
What is -5146 (base 11) in base 7?
-25621
Convert -1221210 (base 3) to base 2.
-10110010001
-31031201 (base 4) to base 9
-82205
122211 (base 3) to base 14
265
What is -46164 (base 11) in base 15?
-14b96
What is b0 (base 13) in base 16?
8f
What is 2389 (base 14) in base 10?
6197
2000001 (base 3) to base 15
674
-3402 (base 5) to base 11
-3a4
What is 11370 (base 8) in base 4?
1023320
What is -110101100 (base 2) in base 9?
-525
1784 (base 11) to base 2
100011011110
735 (base 12) to base 10
1049
What is 14024 (base 5) in base 13?
698
Convert -290 (base 11) to base 12.
-245
-184 (base 13) to base 11
-232
Convert 10b06 (base 14) to base 13.
15615
Convert 3233 (base 6) to base 10.
741
Convert -12321113 (base 4) to base 11.
-1a24a
Convert 42565 (base 7) to base 14.
3bdc
136 (base 10) to base 12
b4
Convert 11112 (base 4) to base 11.
291
What is 412 (base 16) in base 10?
1042
What is 4427 (base 11) in base 7?
23006
What is 561 (base 14) in base 9?
1413
-317 (base 13) to base 15
-252
What is -1010221101 (base 3) in base 5?
-1210210
Convert 2026 (base 12) to base 15.
1076
Convert -818d (base 16) to base 9.
-50440
Convert -101000 (base 4) to base 9.
-1438
Convert 211120001 (base 3) to base 6.
204044
133034 (base 6) to base 13
57ca
203212 (base 5) to base 11
5025
-1582 (base 15) to base 4
-1020032
What is 3acc (base 13) in base 4?
2010001
Convert -3151 (base 7) to base 5.
-13424
-2d80 (base 16) to base 6
-125532
What is -9015 (base 12) in base 4?
-3303101
55a2 (base 13) to base 2
10111010111010
-40446 (base 7) to base 16
-266a
What is -10010001100 (base 2) in base 15?
-529
Convert -11772 (base 9) to base 8.
-17362
Convert -36a (base 14) to base 15.
-307
-524a (base 11) to base 10
-6951
Convert -23dc (base 15) to base 14.
-2ad2
Convert 231 (base 11) to base 9.
336
Convert -11222310 (base 4) to base 15.
-6d30
2102101 (base 3) to base 9
2371
What is 26531 (base 7) in base 4?
1233113
What is 157744 (base 8) in base 9?
86554
What is -36115 (base 7) in base 8?
-22152
ea0 (base 16) to base 13
1920
What is 1445 (base 8) in base 3?
1002211
-522 (base 12) to base 2
-1011101010
111021201 (base 3) to base 4
2113111
Convert -12022 (base 5) to base 9.
-1185
What is -344 (base 15) in base 2?
-1011100011
What is 136123 (base 7) in base 14?
974a
Convert 11e (base 15) to base 4.
3332
203 (base 6) to base 13
5a
What is -151665 (base 8) in base 5?
-3213242
What is -1135 (base 7) in base 6?
-1534
What is -74 (base 11) in base 7?
-144
-3214 (base 7) to base 4
-101302
What is 3231200 (base 4) in base 5?
441300
2002020 (base 3) to base 12
a66
142 (base 15) to base 3
101122
Convert -81b3 (base 13) to base 5.
-1033031
Convert 1614 (base 7) to base 11.
53a
What is -2103130 (base 4) in base 15?
-2be1
-74b6 (base 16) to base 14
-ac62
What is -c32 (base 14) in base 10?
-2396
1000101000001 (base 2) to base 11
3356
Convert 2741b (base 12) to base 14.
15a51
2320301 (base 5) to base 10
41951
What is 1112102 (base 3) in base 2?
10001011110
What is -25612 (base 8) in base 6?
-123334
Convert 125733 (base 8) to base 2.
1010101111011011
Convert -63147 (base 8) to base 5.
-1314330
Convert -4635 (base 7) to base 4.
-122130
-230141 (base 6) to base 8
-46055
1750 (base 15) to base 2
1001110100001
Convert -10110100 (base 2) to base 7.
-345
-15613 (base 11) to base 12
-10904
What is 732 (base 8) in base 15?
219
Convert 258 (base 14) to base 8.
726
-3231 (base 9) to base 8
-4511
-1a9 (base 13) to base 3
-102102
What is 8b8 (base 12) in base 4?
110030
Convert -6799 (base 13) to base 12.
-8477
3751 (base 8) to base 4
133221
Convert 46db (base 15) to base 9.
22578
What is 860c (base 16) in base 3?
1202001222
8436 (base 16) to base 15
a066
What is 100000101 (base 2) in base 9?
320
-202141 (base 5) to base 4
-1212102
What is -3041 (base 7) in base 5?
-13213
1647 (base 16) to base 5
140303
What is 14315 (base 7) in base 8?
7534
Convert 7246 (base 12) to base 14.
4766
Convert -268 (base 10) to base 14.
-152
Convert -1000101101 (base 2) to base 6.
-2325
What is 31414 (base 8) in base 7?
53046
6380 (base 10) to base 12
3838
526 (base 9) to base 6
1553
What is 254 (base 8) in base 14?
c4
What is 9ab0 (base 14) in base 13?
c284
-5a5 (base 15) to base 8
-2400
Convert 10001101100 (base 2) to base 6.
5124
Convert 100110000 (base 2) to base 16.
130
What is -11111101101 (base 2) in base 9?
-2704
6b9 (base 15) to base 16
5f4
What is -447 (base 13) in base 15?
-340
43156 (base 7) to base 12
6257
Convert 2112101 (base 3) to base 10.
1846
What is -17b6 (base 12) in base 14?
-1094
-194 (base 13) to base 6
-1202
Convert -101001010010 (base 2) to base 14.
-d6a
Convert 6959 (base 10) to base 16.
1b2f
What is -22315 (base 6) in base 3?
-11022102
182c (base 15) to base 11
3a13
What is aa6 (base 11) in base 5?
20301
Convert 10221 (base 5) to base 7.
2000
-792 (base 11) to base 7
-2523
Convert 95d (base 14) to base 15.
832
-22b (base 14) to base 12
-2bb
What is 100110000111001 (base 2) in base 14?
717b
What is 5b7 (base 12) in base 2?
1101011011
What is -165d9 (base 14) in base 15?
-1191b
What is 110011100001010 (base 2) in base 5?
1321003
What is 836 (base 9) in base 13?
405
Convert 2628 (base 15) to base 16.
1fca
Convert -1153 (base 6) to base 2.
-100011101
Convert 1041 (base 9) to base 13.
46c
-22b (base 14) to base 2
-110101111
14302 (base 8) to base 4
1203002
Convert -11100111111 (base 2) to base 9.
-2481
Convert 3231 (base 7) to base 10.
1149
1749 (base 15) to base 11
3853
Convert -770 (base 9) to base 10.
-630
-1121120220 (base 3) to base 5
-2004101
Convert 649 (base 10) to base 12.
461
Convert 2846 (base 10) to base 7.
11204
Convert -9853 (base 10) to base 9.
-14457
What is